 - 3. Let y(j) be the first derivative of -j**3/3 - 2*j**2 + 7*j + 1. Calculate y(h).
2
Let c(v) be the second derivative of -v**4/12 + 7*v**2/2 + 6*v. Let m be -1*(-2 - -2*1). Give c(m).
7
Let y(g) = -g + 2. Let h be y(-5). Let n(l) = -l**3 - 3*l + h - 3 + l + 4*l**2. Suppose 246*s - 248*s + 8 = 0. Determine n(s).
-4
Let s(i) = -i + 1. Suppose c + 0*c - 4 = 0. What is s(c)?
-3
Let m(l) = 9*l**2 - 5*l + 7. Let q(f) = -5*f**2 + 2*f - 4. Let t(o) = -2*m(o) - 5*q(o). Let s(r) = 6*r**2 + r + 5. Let w(a) = 6*s(a) - 5*t(a). Determine w(-6).
0
Let j(t) = -2*t**2 + 3*t + 3. Let a(p) = p**2 + 5*p - 2. Let g be a(-5). Give j(g).
-11
Let s(t) = -t**3 - t**2 - 4. Suppose 4*g - 3 = 5. Let q be g/(-7) + (-92)/(-28). Suppose -x - 4 = 4*a, a = 3*a - q*x - 12. Give s(a).
-4
Let b(j) = -3*j + j + 1 + 3*j - 3. Calculate b(-2).
-4
Suppose u + 12 = 4*u. Let w(f) = f**2 - 4*f. Determine w(u).
0
Let g(n) = -12*n + 2. Let m(p) be the second derivative of 4*p**3/3 - p**2/2 + p. Let a(l) = -5*g(l) - 7*m(l). Let w = 13 - 11. Determine a(w).
5
Let i(u) be the second derivative of u**4/12 - 2*u**3/3 - 3*u**2 - 13*u. Let j be 19*2/(-8)*-4. Let d = j + -13. What is i(d)?
6
Let v(g) be the second derivative of 13*g**3/6 - g**2/2 + 2*g - 45. Let i(t) = t - 7. Let h be i(6). Calculate v(h).
-14
Let b(r) = 10*r**3 - 2*r - 1. Suppose -1 = -5*v - 3*d, 4*v + 2*d - 6 = -3*d. Let l = 4 - 2. Let u be (l + v)*2/(-2). Give b(u).
-9
Let n(v) be the first derivative of v**4/4 + 2*v**3 + v**2 - 5*v + 4. Let q(o) = -o**3 + 8*o**2 - 7*o + 4. Let z be q(7). Suppose -z*t + t - 15 = 0. Give n(t).
10
Let c(f) = -f**3 + f**2 + 12. Let q(h) = h - 11. Let r be q(9). Let t be 1/r*(0 - 0). Calculate c(t).
12
Let p be (9/(-6))/((-1)/(-14)). Let k be 4/(-10) + p/(-15). Let t(y) = k + 1 - 4 - y. Give t(-2).
0
Let p(h) = 15*h + 1. Let g(o) = o**3 - 11*o**2 - 1. Let d be g(11). What is p(d)?
-14
Let j(q) be the second derivative of -q**5/20 + 5*q**4/12 + 7*q**3/6 - 3*q**2 - 34*q. Determine j(6).
0
Let p(c) = -4*c**2 + 1. Suppose 5*l = -0*l - 3*s + 9, 0 = -4*s - 8. Suppose -3*z - l = -9. Let r be (z + -3)*-1*1. Give p(r).
-3
Let d be (2 + 0)*-1 - -1. Let u(i) = -i**2 - i - 1. Let f(y) = -y**3 + 6*y**2 + 8*y + 3. Suppose s - 4*s - 15 = 0. Let n(r) = d*f(r) + s*u(r). What is n(3)?
11
Let w = -36 - -31. Let m(q) = -q**2 - 7*q - 5. Give m(w).
5
Suppose i = -3*y + 6*i - 28, 0 = -i + 5. Let f(t) = 11*t. Calculate f(y).
-11
Suppose 0 = 5*r + 25. Let j(y) = -y**2 - 5*y - 3. Give j(r).
-3
Let j(w) = -w - w + 5*w**2 + 3*w. Let z be -1 + 2 + 0 + 4. Suppose 2*a - 5 = -3*c, -7 = -z*c - 2*a - 0*a. What is j(c)?
6
Let n(i) = -i**2 + 10*i + 1. Let s(p) = -3*p**2 + 29*p + 2. Let u(j) = -11*n(j) + 4*s(j). Give u(2).
5
Let k(j) be the first derivative of -j**2 - 4*j - 1. Let h(b) = -7*b**2 + 0 + 5 + b - 5*b**2 + 4*b**2 - b**3. Let f be h(-8). Calculate k(f).
2
Let m(x) = -x + 2*x - 2*x + 2*x. Give m(-1).
-1
Let v(c) = -c**2 - 8*c - 6. Let f be v(-7). Let l = f - 2. Let r(s) be the third derivative of -s**6/20 - s**4/24 - s**3/6 - 2*s**2. Determine r(l).
6
Suppose 5*n - 35 = b + 4*b, 4*b = -2*n - 10. Suppose 4*u = 5*u + n*y + 13, -5*u = 3*y + 29. Let r(m) = m - 1. Calculate r(u).
-5
Let s(g) be the second derivative of g**3/6 - 2*g**2 + 2*g. Suppose 0 = -5*n + 20, -26 = -3*p - 5*n + 3*n. Give s(p).
2
Let w(y) = 2*y - 12. Let p be w(6). Let j(a) = -a**3 - a**2 - 5. Give j(p).
-5
Let n(m) = 2*m**2 - 4*m - 4. Let x(a) = -a**2 + a + 1. Let d(p) = -n(p) - 3*x(p). Give d(0).
1
Let t(h) be the third derivative of -h**6/720 - 3*h**5/40 - h**4/24 + 3*h**2. Let q(u) be the second derivative of t(u). Calculate q(0).
-9
Let c(g) = 1 - 13*g**2 - 3 - g**3 + 5*g**2 + 7*g**2. Let s(m) = m - 4. Let k be s(6). Let b be 0/((-2)/(k - 4)). What is c(b)?
-2
Let c(b) = 5 - 6 + 4 - 2*b. Give c(4).
-5
Suppose 0 = -2*c + c - 6. Let n be (-19)/(-7) + c/(-21). Let b(i) = -4*i + 4. Give b(n).
-8
Let x be 2/((-5)/((-10)/4)). Let r = -1 + x. Let s(w) = r*w - 3*w + 1 - 3*w. What is s(-1)?
7
Let o(k) = -k**3 + 4*k**2 - 3*k - 4. Let p(s) = -3*s - 3. Let q be p(3). Let b = 15 + q. Give o(b).
-4
Let r(k) be the third derivative of -k**6/120 + k**5/15 - 5*k**4/24 - k**3/3 + 2*k**2 + 17. What is r(4)?
-22
Let t(i) be the second derivative of 1/12*i**4 + 0 - i + 5/6*i**3 - 5/2*i**2. What is t(-4)?
-9
Let r(y) = -y**3 - 3*y**2 + 4*y - 4. Let p be r(-4). Let j(a) = -a - 9. Let x be j(-9). Let c(v) = 2*v - v**2 - 1 - 6*v + x*v**2 + 0*v. Calculate c(p).
-1
Let j(f) be the second derivative of -f**3/6 - 7*f. Calculate j(4).
-4
Let u(b) = -b - 3. Suppose -3*m = -4*r + 4, 3*r = 4*m + m - 8. Suppose -9 = m*w + 3. What is u(w)?
0
Let r(p) = 5*p. Let z(n) = -2 - 10*n + 5 - 2 + 4*n. Suppose -s + 3 + 2 = 0. Let t(l) = s*r(l) + 4*z(l). Calculate t(-4).
0
Let s be (0 + 1)/(-1) - 11. Let o = 7 + s. Let n(p) be the third derivative of -p**5/60 - p**4/3 - 7*p**3/6 + p**2. What is n(o)?
8
Let y(q) be the third derivative of 5*q**4/24 + 2*q**3/3 - q**2. Let c(b) = -6*b - 5. Let j(t) = 3*c(t) + 4*y(t). Let a be 2*((-10)/(-4) + -2). What is j(a)?
3
Let i(a) = -9*a**2 - 2 + 0*a + a + a**3 - 2 - 5. Let p be i(9). Let r(m) = p*m**3 - 3*m**3 + 2*m**2 + 3*m + 2*m**3 - 2*m. Give r(3).
-6
Let f(c) be the first derivative of c**3/3 + c**2 - 4*c + 2. Let d be f(-4). Let y(o) = -o + d*o + o. Determine y(2).
8
Let v(b) = 4*b - 4 - 3*b - b**3 + 2*b - b**2 + 0*b. Calculate v(-3).
5
Let p(w) be the first derivative of -w**2 + w + 4. Let c = 6 + -3. Determine p(c).
-5
Let d(a) = a**3 - a - 1. Suppose 0 = 4*z - 6*z + 2. Let p(g) = -7*g**3 + 3*g**2 + 10*g + 7. Let r(t) = z*p(t) + 6*d(t). Determine r(4).
1
Let y(h) = -4*h + 6. Let a be y(4). Let s = -9 - a. Let t(p) be the third derivative of -p**4/3 - p**2. Calculate t(s).
-8
Suppose -55*c - 20 = -60*c. Let r(u) = -u**3 + 5*u**2 - 6*u + 1. What is r(c)?
-7
Let n(h) = h + 7. Suppose -c = -4*c - 3. Let y = -4 + c. Give n(y).
2
Suppose 5*g - 20 - 3 = -k, -g - 5*k = 5. Suppose 4*h - g*z + 3 = h, 0 = 2*z. Let t(q) = -17*q**2 - q - 1. Determine t(h).
-17
Let j(b) = -4*b. Let q(u) = u**2 - 5*u**2 + 3*u**2 + 3*u. Let n be q(3). Let d = n - 1. Calculate j(d).
4
Let x(m) = 2*m**3 + 11*m**2 + 6*m + 8. Let r be x(-5). Let l(n) = -2*n + 11. Let k(u) = u - 5. Let j(q) = -13*k(q) - 6*l(q). Calculate j(r).
-4
Let h be 32/16 - 0/(-2). Let z(y) be the first derivative of 1/3*y**3 + 7*y - h + 5/2*y**2. Give z(-5).
7
Suppose 0 = v + 200 - 204. Let s(h) be the first derivative of -3*h**2/2 + 5*h + 1. Determine s(v).
-7
Let q(a) = a**2 + 4*a - 8. Let z be 3*3*14/(-21). Give q(z).
4
Suppose -2*i + 3*i = -2*i. Let m(s) be the first derivative of -2*s**4 + 3 - s + i*s**3 + 1/2*s**2. Calculate m(1).
-8
Let m(i) = -13*i**3 + i**2 + 2*i + 1. Let d be m(-1). Suppose -2 = -3*j + d. Let p(l) = l - 7. What is p(j)?
-2
Suppose 5 = -k - 3*s - 2, -2*k + 4*s + 16 = 0. Let p = k - 4. Let w(n) be the first derivative of -n**4/4 + n**3/3 + 2*n**2 + 3*n + 1. Give w(p).
7
Suppose -5*f = 0, 2*d + 2 = -2*f - 4. Let t(j) = 3*j**3 + 6*j**2 + j + 1. Let c(a) = 7*a**3 + 13*a**2 + 2*a + 3. Let g(s) = 2*c(s) - 5*t(s). Calculate g(d).
-5
Suppose -7*r + 3*r + 20 = 0. Let s(g) = g**2 - 5*g + 5. Let k be s(5). Let x(v) = k + 5 - 2 - v. What is x(r)?
3
Let b(s) = 3*s - 1 + 1 - 6*s. What is b(-4)?
12
Let o(c) = 6*c - 5. Let r(w) = -w + 1. Let f(u) = o(u) + 5*r(u). Let y be (-204)/(-21) - 4 - 6/(-21). What is f(y)?
6
Let d(y) be the second derivative of 2*y**3/3 + 3*y**2/2 - 12*y. Give d(-4).
-13
Let x = -6 - -10. Suppose -x*i + i = 0. Let w(s) = -5*s**2 + s. Let f(a) = -11*a**2 + 2*a - 1. Let z(g) = 6*f(g) - 13*w(g). Give z(i).
-6
Let s = 21 + -15. Let o(i) = -4*i + 3 + 4*i - i. Calculate o(s).
-3
Let k(w) = -3*w - 4. Let l(n) = -3 + 1 - 4*n - 2. Let y(p) = -3*k(p) + 2*l(p). Suppose 0 = 2*t - 14*t + 36. Give y(t).
7
Let n(r) be the third derivative of 0 - 1/24*r**4 - 1/6*r**3 - 1/20*r**5 + 4*r**2 + 0*r. Calculate n(-2).
-11
Let v(p) be the third derivative of 0 - 1/6*p**3 + 0*p - 1/120*p**6 + 0*p**4 + 1/60*p**5 + 2*p**2. Suppose 0 = 5*s - 1 - 9. Give v(s).
-5
Let f(l) = l**2 + 4*l + 1. Let v be f(-3). Let t(y) be the second derivative of 5*y**3/6 - y**2/2 - 7*y. Determine t(v).
-11
Let d = 5 + -2. Let x(g) = -3*g. Let q(y) = -6*y - 1. Let k(m) = d*q(m) - 5*x(m). Determine k(-3).
6
Let x(h) = h**2 + 